 l - 4 = 2*w. What are the prime factors of w?
59
What are the prime factors of (-4)/(-10) - (10390/(-25) + 3)?
7, 59
Let n be ((-88)/6)/(5 + (-235)/45). Let q be (-14)/4*1*10. Let y = q + n. What are the prime factors of y?
31
List the prime factors of (7*-34)/(-1) - (-4 - -5).
3, 79
Let i = 0 - -4. Suppose -j + 11 = -i*j - 4*p, -12 = -3*p. Let n = 14 + j. What are the prime factors of n?
5
What are the prime factors of -7 + (3011 - (3 - 10))?
3011
Let i = 198 - 78. Let y be i/65 + 4/26. Let u = y + 3. List the prime factors of u.
5
Suppose -48 = -4*u - 4*l, 0*l = -3*u + 3*l + 30. Suppose 2*x - u = x. Suppose x - 86 = -3*t. What are the prime factors of t?
5
Let l be (2 - 24) + (0 - -1). Let x(u) = -2*u**2 + 10*u - 6. Let i be x(5). What are the prime factors of 3/i*(3 + l)?
3
Let q = -25 - -30. Suppose -30 - 44 = -2*v - 5*m, -q*m - 185 = -5*v. List the prime factors of v.
37
Let d = -11 + 8. Let w be 152/12 + (-1)/d. Let p = 15 + w. What are the prime factors of p?
2, 7
Suppose -2*c = c + 705. Let x = -13 - c. What are the prime factors of x?
2, 3, 37
Suppose 5*n = -11 - 54. What are the prime factors of 1392/78 + (-2)/n?
2, 3
Let q(u) = u**2 + 9*u + 3. Let b be q(-9). Suppose 0*p + b*p = 6. Suppose -3*c + 75 = 3*k, 24 + 0 = k + p*c. What are the prime factors of k?
2, 13
Suppose -x - z - 590 = 0, -x + 3*z + 0*z - 602 = 0. List the prime factors of 18/63 - x/7.
5, 17
Let x(c) = -5 + 12*c**2 + 60 - 17*c - 11*c**2. List the prime factors of x(14).
13
Let s(x) = x**2 - 4*x. Suppose -8 = -9*n - 89. List the prime factors of s(n).
3, 13
Suppose 26 = -3*y - 31. Let a = y - -27. What are the prime factors of 1 - -49 - a/(-8)?
3, 17
Let a(x) = -x**2 + x + 1. Let h be a(-3). Let k = h - -11. Suppose 0 = -4*c + y - k*y + 10, -2*c - 2*y + 10 = 0. What are the prime factors of c?
3
Let h(k) = -4*k**3 + 4*k**2 + 6*k + 3. Suppose z = v - 3*v - 2, 2 = -z + 3*v. List the prime factors of h(z).
3, 13
Let i(x) = -5*x**3 - x**2 + 1. Let g be i(-1). Let u(w) = -157 + 6*w**2 - 3*w - 157 - w**3 + 317. List the prime factors of u(g).
13
Suppose 0 = 11*i - 8*i. Suppose i = -d - 0*d + 2. Suppose -130 = -4*y - d. List the prime factors of y.
2
Suppose -435 = -2*x - 3*x. Let s = x + -9. Let y = s - 52. What are the prime factors of y?
2, 13
Let b(x) be the third derivative of -13*x**4/24 + 5*x**3/3 + 7*x**2. List the prime factors of b(-6).
2, 11
Let g(w) = 33*w**3 - 2*w - 1. Let j be g(-1). Let n = -29 - j. Suppose -5 = n*d - 47. What are the prime factors of d?
2, 7
Let x = -346 + 1031. List the prime factors of x.
5, 137
Let z(w) = 12*w - 54. Let o be z(16). Suppose -o + 380 = 2*l. What are the prime factors of l?
11
Suppose 5*v - 94 - 21 = 0. Let z = -54 - -40. Let w = z + v. List the prime factors of w.
3
Let y(f) = 252*f - 590. List the prime factors of y(9).
2, 839
Let y(x) = 123*x**2 + 7*x - 8. What are the prime factors of y(-2)?
2, 5, 47
Let a = -5 + 6. Let g(c) = 77*c**2 - 3*c + 2. List the prime factors of g(a).
2, 19
Suppose 571 = 4*n - 149. List the prime factors of n.
2, 3, 5
Suppose -1021 + 2903 = o + 2*k, o + 5*k - 1879 = 0. List the prime factors of o.
2, 3, 157
Let q(x) = -x**2 + 3*x + 2. Let d be q(4). Let m = d - -15. What are the prime factors of m?
13
List the prime factors of -399*((-7)/(196/100) - -1).
2, 3, 19
Let r = 2833 + -1438. What are the prime factors of r?
3, 5, 31
Suppose 383 = 4*c + d, -2*c = d - 205 + 12. Suppose -h - 101 = -4*j, -4*j + 2*h + c + 7 = 0. List the prime factors of j.
5
List the prime factors of ((561/44)/17)/((-1)/(-2536)).
2, 3, 317
Let p = 453 - 236. Suppose 3*f - 95 = p. List the prime factors of f.
2, 13
Suppose m + 3 = 36. Let q(x) = -2*x**2 + 10*x - 6. Let h be q(6). Let c = m + h. What are the prime factors of c?
3, 5
Suppose -h - h + 18 = 0. Suppose -w + 4 = u, 3 = -w - 2*u + h. Suppose -60 = w*d - 5*d. What are the prime factors of d?
2, 5
Let f = 17 + -27. Let a be (-2 - 1)*f/6. Suppose -m - 8 = l - 2*l, a*l - 40 = -m. List the prime factors of l.
2
Let r = 30 + -88. Let z be -1 + r + (4 - 5). Let k = 101 + z. What are the prime factors of k?
41
Let x = 47 + -42. Let u = x - -58. List the prime factors of u.
3, 7
Suppose 3*u - 79 = -2*h + 4*u, -2*h + 4*u + 70 = 0. List the prime factors of h.
41
Suppose j + 4 = 6. Let i be 55/2 - 1/j. Suppose -22*u = -i*u + 115. List the prime factors of u.
23
Suppose -5*f - 5 = 15. Let s be 67 - (-3 - f - 1). Let p = s - 22. What are the prime factors of p?
3, 5
Let g(c) = c**2 - 6*c - 1. Let w be (12/8)/((-1)/(-4)). Let o be g(w). What are the prime factors of o/(2*(-3)/18)?
3
Let p = -32 - -220. List the prime factors of p.
2, 47
Suppose -49 = -8*l + 15. Let c(f) = 35*f + 47. What are the prime factors of c(l)?
3, 109
Let q(i) = i**2 - 2*i - 18. What are the prime factors of q(10)?
2, 31
Suppose 43*p + 24 = 47*p. Suppose -p*l + 90 = -0*l. List the prime factors of l.
3, 5
Let a be (-3)/(45/(-10) - -3). Suppose a*b + 0*v - 15 = v, 0 = -3*b + v + 21. What are the prime factors of b?
2, 3
Let c(i) = -i**3 - 28*i**2 + 82*i - 14. What are the prime factors of c(-31)?
3, 109
Let p be 10/55 + 40/22. Suppose 3*s + 3 = 2*k, -3*k + 4*s + 4 = p*k. Suppose k*m - m + 18 = 0. List the prime factors of m.
2, 3
Let h(m) = -1. Let f(s) = 6. Let n(b) = -f(b) + 6*h(b). Let u(y) = -y + 1. Let j(t) = -n(t) + 2*u(t). List the prime factors of j(-9).
2
Let s(d) = -d**3 - 3*d**2 + 4*d. Let p be s(-4). Let u be (p - 0)/((-24)/12). Let z(o) = 2*o + 16. What are the prime factors of z(u)?
2
Let y(k) = -4*k**2 - 32*k - 39. Let t be y(-6). Let o(x) = x**2 + 6*x - 4. Let i be o(-6). Let z = t + i. What are the prime factors of z?
5
Suppose 4*u - 332 = 2*u + 2*b, 4*u - 3*b - 669 = 0. List the prime factors of u.
3, 19
Let l(a) = -a**3 + 25*a**2 - 31*a + 20. List the prime factors of l(22).
2, 5, 79
Let i(o) = -o**3 - 25*o**2 + 40*o + 28. Let x be i(-27). Suppose -x = -3*c + 278. List the prime factors of c.
2, 3, 19
Let i be -4 - (1 - (12 - 1)). Suppose 0 = 2*s + 4, -g = 4*g + 2*s - i. Let f(k) = 16*k - 4. What are the prime factors of f(g)?
2, 7
Suppose 0 = -o, 3*j - 6*o + 2*o = -474. Let c = j - -288. What are the prime factors of c?
2, 5, 13
Suppose -6*s - 10 = -s. Let k be 102/27 - s/9. Suppose -f + 0*f - 2*j = -52, -k*f + 5*j + 182 = 0. List the prime factors of f.
2, 3
Let d(h) = 471*h**2 - 2*h + 2. What are the prime factors of d(1)?
3, 157
Suppose 65*p - 3608 = 61*p + 4*x, 0 = 4*x + 12. What are the prime factors of p?
29, 31
Let p = -1648 - -2988. List the prime factors of p.
2, 5, 67
List the prime factors of (-4 - (-33544)/24) + 2/(-3).
7, 199
Let l be 21*(-1)/(9/(-6)). Let v = l - -4. List the prime factors of v.
2, 3
Let o = 1534 - -1581. What are the prime factors of o?
5, 7, 89
Suppose -t = -a + 1424 - 352, -4286 = -4*a + 5*t. List the prime factors of a.
2, 3, 179
Let k = 2 + -16. Let m = -9 - k. Suppose -64 = -m*x + 36. List the prime factors of x.
2, 5
Let v = 77 + 1. Let n = 151 - v. What are the prime factors of n?
73
Let g(m) = -m**2 + 19*m + 13. Let q = 34 - 17. What are the prime factors of g(q)?
47
Let b be (2*25/10)/1. Suppose b*g + 3 = 6*g. Suppose 3*j + 135 = 5*a, 2*j + 81 = 3*a + g*j. What are the prime factors of a?
3
Let f(s) = 36*s + 110. What are the prime factors of f(7)?
2, 181
Suppose -2*d + d = 1, 5*h - 518 = 3*d. Let r = 182 - h. List the prime factors of r.
79
Let h(f) = -4 + 8 - 5*f + 6*f. Let i be h(3). Suppose -10*g + i*g + 111 = 0. List the prime factors of g.
37
Let n(c) = c**3 - 15*c**2 - 84*c - 11. What are the prime factors of n(20)?
3, 103
Suppose 0 = -19*a + 541 + 7838. List the prime factors of a.
3, 7
Let b be 2/4*2514 + -5. Suppose -3*c + b = 5*s, -7*s = -2*s + c - 1244. List the prime factors of s.
2, 31
Let d(j) = 89*j**2 - 3*j + 7. Let g(c) = -c + 1. Let q(h) = d(h) - 5*g(h). What are the prime factors of q(-1)?
89
Let y be (-8108)/26 - (-8)/(-52). List the prime factors of 7 - (8 + -4) - y.
3, 5, 7
Suppose -8*c + 501 = -995. What are the prime factors of c?
11, 17
Let m = -303 + 605. List the prime factors of m.
2, 151
Let r = -539 + 962. List the prime factors of r.
3, 47
Let b(z) = -5*z**3 + 6*z**2 - 2*z - 16. List the prime factors of b(-6).
2, 17, 19
Let v = 6 + -2. Suppose -4*q + 820 = v*l, -17 = -5*q - 2. List the prime factors of l.
2,